{"id":104,"date":"2010-12-02T22:25:57","date_gmt":"2010-12-02T22:25:57","guid":{"rendered":"http:\/\/margarete.wiggen.de\/?page_id=104"},"modified":"2014-07-12T16:22:38","modified_gmt":"2014-07-12T16:22:38","slug":"1978-hof-bronzewappen-am-rathaus","status":"publish","type":"page","link":"http:\/\/margarete.wiggen.de\/?page_id=104","title":{"rendered":"1978 Stadtwappen Rathaus Hof"},"content":{"rendered":"<p><a href=\"http:\/\/margarete.wiggen.de\/wp-content\/uploads\/2010\/12\/1013-1.jpg\" target=\"_blank\"><img decoding=\"async\" loading=\"lazy\" class=\"alignnone wp-image-541 size-large\" src=\"http:\/\/margarete.wiggen.de\/wp-content\/uploads\/2010\/12\/1013-1-834x1024.jpg\" alt=\"\" width=\"625\" height=\"767\" srcset=\"http:\/\/margarete.wiggen.de\/wp-content\/uploads\/2010\/12\/1013-1-834x1024.jpg 834w, http:\/\/margarete.wiggen.de\/wp-content\/uploads\/2010\/12\/1013-1-244x300.jpg 244w, http:\/\/margarete.wiggen.de\/wp-content\/uploads\/2010\/12\/1013-1-624x766.jpg 624w, http:\/\/margarete.wiggen.de\/wp-content\/uploads\/2010\/12\/1013-1.jpg 1463w\" sizes=\"(max-width: 625px) 100vw, 625px\" \/><\/a><\/p>\n<p>Ein in Bronze gegossenes Stadtwappen hat das Stadtbauamt \u00fcber dem Portal des Rathaus-Nebengeb\u00e4udes (Klosterstra\u00dfe 3) anbringen lassen. Das 80 cm hohe Wappen wurde von der K\u00f6ditzer Bildhauerin Margarete Wiggen gefertigt. Es f\u00fcgt sich harmonisch in die Fassade ein und stellt einen sinnvollen Schmuck dar. Das Stadtwappen wurde im Rahmen der Ma\u00dfnahme &#8222;Kunst am Bau&#8220; in Auftrag gegeben.<\/p>\n<p><em>[Frankenpost 1978]<\/em><\/p>\n","protected":false},"excerpt":{"rendered":"<p>Ein in Bronze gegossenes Stadtwappen hat das Stadtbauamt \u00fcber dem Portal des Rathaus-Nebengeb\u00e4udes (Klosterstra\u00dfe 3) anbringen lassen. Das 80 cm hohe Wappen wurde von der K\u00f6ditzer Bildhauerin Margarete Wiggen gefertigt. Es f\u00fcgt sich harmonisch in die Fassade ein und stellt einen sinnvollen Schmuck dar. Das Stadtwappen wurde im Rahmen der Ma\u00dfnahme &#8222;Kunst am Bau&#8220; in &hellip; <\/p>\n<p class=\"link-more\"><a href=\"http:\/\/margarete.wiggen.de\/?page_id=104\" class=\"more-link\"><span class=\"screen-reader-text\">\u201e1978 Stadtwappen Rathaus Hof\u201c<\/span> weiterlesen<\/a><\/p>\n","protected":false},"author":1,"featured_media":0,"parent":13,"menu_order":6,"comment_status":"closed","ping_status":"closed","template":"","meta":[],"_links":{"self":[{"href":"http:\/\/margarete.wiggen.de\/index.php?rest_route=\/wp\/v2\/pages\/104"}],"collection":[{"href":"http:\/\/margarete.wiggen.de\/index.php?rest_route=\/wp\/v2\/pages"}],"about":[{"href":"http:\/\/margarete.wiggen.de\/index.php?rest_route=\/wp\/v2\/types\/page"}],"author":[{"embeddable":true,"href":"http:\/\/margarete.wiggen.de\/index.php?rest_route=\/wp\/v2\/users\/1"}],"replies":[{"embeddable":true,"href":"http:\/\/margarete.wiggen.de\/index.php?rest_route=%2Fwp%2Fv2%2Fcomments&post=104"}],"version-history":[{"count":62,"href":"http:\/\/margarete.wiggen.de\/index.php?rest_route=\/wp\/v2\/pages\/104\/revisions"}],"predecessor-version":[{"id":544,"href":"http:\/\/margarete.wiggen.de\/index.php?rest_route=\/wp\/v2\/pages\/104\/revisions\/544"}],"up":[{"embeddable":true,"href":"http:\/\/margarete.wiggen.de\/index.php?rest_route=\/wp\/v2\/pages\/13"}],"wp:attachment":[{"href":"http:\/\/margarete.wiggen.de\/index.php?rest_route=%2Fwp%2Fv2%2Fmedia&parent=104"}],"curies":[{"name":"wp","href":"https:\/\/api.w.org\/{rel}","templated":true}]}}